{"id":3342,"date":"2022-04-05T19:01:44","date_gmt":"2022-04-05T17:01:44","guid":{"rendered":"http:\/\/wing-foil.at\/wordpress\/?post_type=product&#038;p=3342"},"modified":"2026-04-16T08:47:13","modified_gmt":"2026-04-16T06:47:13","slug":"wingsurfen-privattraining","status":"publish","type":"product","link":"https:\/\/saltylake.at\/wien\/product\/wingsurfen-privattraining\/","title":{"rendered":"Privat Coaching"},"content":{"rendered":"<p><strong data-start=\"0\" data-end=\"81\">PRIVAT TRAINING \/ PRIVATER KURS \/ PRIVATES COACHING<\/strong><\/p>\n<p class=\"\" data-start=\"83\" data-end=\"251\">F\u00fcr noch schnelleren Lernerfolg \u2013 ganz gleich, ob du einen privaten Wingkurs buchst oder als Anf\u00e4nger bzw. Fortgeschrittener ein bestimmtes Man\u00f6ver perfektionieren m\u00f6chtest. Wir passen uns ganz deinen W\u00fcnschen und deinem aktuellen Level an, um dir den bestm\u00f6glichen Fortschritt zu erm\u00f6glichen.<\/p>\n<p data-start=\"714\" data-end=\"731\"><strong data-start=\"714\" data-end=\"729\">Kursinhalt:<\/strong><\/p>\n<ul data-start=\"732\" data-end=\"1008\">\n<li data-start=\"805\" data-end=\"890\"><strong data-start=\"807\" data-end=\"825\">1 Einheit\u00a0 = Individuelle Einheit<\/strong> mit \u00dcbungen\u00a0im Wasser und am Land unter Anleitung eines Instruktors<\/li>\n<\/ul>\n<p data-start=\"1015\" data-end=\"1027\"><strong data-start=\"1015\" data-end=\"1027\">Kursablauf:<\/strong><\/p>\n<ul>\n<li data-start=\"90\" data-end=\"358\"><span class=\"Apple-converted-space\"><strong data-start=\"734\" data-end=\"753\">1 Einheit\u00a0<\/strong>\u00a0<\/span>\u2013 kurze Einf\u00fchrung am Land, ab aufs Wasser mit Wings mit Foil unter Anleitung eines Instruktors<\/li>\n<li data-start=\"90\" data-end=\"358\"><strong data-start=\"1161\" data-end=\"1176\">Teilnehmer:<\/strong> 1 \u2013 2 Personen<\/li>\n<li><strong data-start=\"988\" data-end=\"998\">Gesamtdauer:<\/strong><span class=\"Apple-converted-space\">\u00a01<\/span>\u00a0Einheit mit 1 Stunde<\/li>\n<\/ul>\n<hr \/>\n<p data-start=\"972\" data-end=\"984\"><strong data-start=\"1081\" data-end=\"1099\">Wind &amp; Wetter:<\/strong>\u00a0Der Verleihtermin richtet sich nach den aktuellen Wind- und Wetterbedingungen. Deshalb kann es zu kurzfristigen Verschiebungen kommen, um dir das bestm\u00f6gliche Erlebnis zu bieten.<\/p>\n<p data-start=\"1081\" data-end=\"1278\"><strong data-start=\"1284\" data-end=\"1302\">Infrastruktur:<\/strong>\u00a0Nutze die praktischen Annehmlichkeiten vor Ort, wie Umkleidekabinen, Dusch- und WC-Anlagen oder der legend\u00e4re Vienna City Beach Club, um nach deiner Session zu entspannen und dich zu erfrischen<\/p>\n<p>&nbsp;<\/p>\n","protected":false},"excerpt":{"rendered":"<div>\n<h5>Privates Training f\u00fcr Anf\u00e4nger und Fortgeschrittene<\/h5>\n<\/div>\n<div><span class=\"x1c3i2sq x19la9d6 x1fc57z9 xexx8yu x19um543 x18d9i69 x1m6msm x6ikm8r x10wlt62 x19co3pv x1g5zs5t xfibh0p xiy17q3 x1xsqp64\"><span class=\"\">\ud83d\udcaa\ud83c\udffb\u00a0<\/span><\/span>F\u00fcr Anf\u00e4nger und Fortgeschrittene<\/div>\n<div>\u2b50 Individuelles Training mit flexiblen Zeiten<\/div>\n<div>\ud83c\udfc4\ud83c\udffc\u00a0 Einzelstunden mit dem Instruktor f\u00fcr maximalen Erfolg<\/div>\n<div>\n<div>\u2705 inkl. Equipment (Wing &amp; Board mit Foil und Helm)<\/div>\n<\/div>\n","protected":false},"featured_media":4894,"template":"","meta":{"inline_featured_image":false},"product_cat":[29],"product_tag":[],"class_list":["post-3342","product","type-product","status-publish","has-post-thumbnail","hentry","product_cat-wingsurf"],"yoast_head":"<!-- This site is optimized with the Yoast SEO plugin v24.6 - https:\/\/yoast.com\/wordpress\/plugins\/seo\/ -->\n<title>WINGSURFEN MIT TRAINER<\/title>\n<meta name=\"description\" content=\"F\u00fcr noch schnelleren Lernerfolg \u2013 ganz gleich, ob du einen privaten Wingkurs buchst oder als Anf\u00e4nger bzw. Fortgeschrittener ein bestimmtes Man\u00f6ver perfektionieren m\u00f6chtest. Wir passen uns ganz deinen W\u00fcnschen und deinem aktuellen Level an, um dir den bestm\u00f6glichen Fortschritt zu erm\u00f6glichen.\" \/>\n<meta name=\"robots\" content=\"index, follow, max-snippet:-1, max-image-preview:large, max-video-preview:-1\" \/>\n<link rel=\"canonical\" href=\"https:\/\/saltylake.at\/wien\/product\/wingsurfen-privattraining\/\" \/>\n<meta property=\"og:locale\" content=\"de_DE\" \/>\n<meta property=\"og:type\" content=\"article\" \/>\n<meta property=\"og:title\" content=\"WINGSURFEN MIT TRAINER\" \/>\n<meta property=\"og:description\" content=\"F\u00fcr noch schnelleren Lernerfolg \u2013 ganz gleich, ob du einen privaten Wingkurs buchst oder als Anf\u00e4nger bzw. Fortgeschrittener ein bestimmtes Man\u00f6ver perfektionieren m\u00f6chtest. Wir passen uns ganz deinen W\u00fcnschen und deinem aktuellen Level an, um dir den bestm\u00f6glichen Fortschritt zu erm\u00f6glichen.\" \/>\n<meta property=\"og:url\" content=\"https:\/\/saltylake.at\/wien\/product\/wingsurfen-privattraining\/\" \/>\n<meta property=\"og:site_name\" content=\"Wassersportcenter - Salty Lake in Wien\" \/>\n<meta property=\"article:modified_time\" content=\"2026-04-16T06:47:13+00:00\" \/>\n<meta property=\"og:image\" content=\"https:\/\/saltylake.at\/wien\/wordpress\/wp-content\/uploads\/2022\/04\/Website-ZoeSchoenwetter-MarDeArce_SkyFree26_Unit26_Sardinia_Duotone_by-ChiaraSoccinDSC02760.jpg\" \/>\n\t<meta property=\"og:image:width\" content=\"1970\" \/>\n\t<meta property=\"og:image:height\" content=\"1242\" \/>\n\t<meta property=\"og:image:type\" content=\"image\/jpeg\" \/>\n<meta name=\"twitter:card\" content=\"summary_large_image\" \/>\n<meta name=\"twitter:label1\" content=\"Gesch\u00e4tzte Lesezeit\" \/>\n\t<meta name=\"twitter:data1\" content=\"1\u00a0Minute\" \/>\n<script type=\"application\/ld+json\" class=\"yoast-schema-graph\">{\"@context\":\"https:\/\/schema.org\",\"@graph\":[{\"@type\":\"WebPage\",\"@id\":\"https:\/\/saltylake.at\/wien\/product\/wingsurfen-privattraining\/\",\"url\":\"https:\/\/saltylake.at\/wien\/product\/wingsurfen-privattraining\/\",\"name\":\"WINGSURFEN MIT TRAINER\",\"isPartOf\":{\"@id\":\"https:\/\/saltylake.at\/wien\/#website\"},\"primaryImageOfPage\":{\"@id\":\"https:\/\/saltylake.at\/wien\/product\/wingsurfen-privattraining\/#primaryimage\"},\"image\":{\"@id\":\"https:\/\/saltylake.at\/wien\/product\/wingsurfen-privattraining\/#primaryimage\"},\"thumbnailUrl\":\"https:\/\/saltylake.at\/wien\/wordpress\/wp-content\/uploads\/2022\/04\/Website-ZoeSchoenwetter-MarDeArce_SkyFree26_Unit26_Sardinia_Duotone_by-ChiaraSoccinDSC02760.jpg\",\"datePublished\":\"2022-04-05T17:01:44+00:00\",\"dateModified\":\"2026-04-16T06:47:13+00:00\",\"description\":\"F\u00fcr noch schnelleren Lernerfolg \u2013 ganz gleich, ob du einen privaten Wingkurs buchst oder als Anf\u00e4nger bzw. Fortgeschrittener ein bestimmtes Man\u00f6ver perfektionieren m\u00f6chtest. Wir passen uns ganz deinen W\u00fcnschen und deinem aktuellen Level an, um dir den bestm\u00f6glichen Fortschritt zu erm\u00f6glichen.\",\"breadcrumb\":{\"@id\":\"https:\/\/saltylake.at\/wien\/product\/wingsurfen-privattraining\/#breadcrumb\"},\"inLanguage\":\"de\",\"potentialAction\":[{\"@type\":\"ReadAction\",\"target\":[\"https:\/\/saltylake.at\/wien\/product\/wingsurfen-privattraining\/\"]}]},{\"@type\":\"ImageObject\",\"inLanguage\":\"de\",\"@id\":\"https:\/\/saltylake.at\/wien\/product\/wingsurfen-privattraining\/#primaryimage\",\"url\":\"https:\/\/saltylake.at\/wien\/wordpress\/wp-content\/uploads\/2022\/04\/Website-ZoeSchoenwetter-MarDeArce_SkyFree26_Unit26_Sardinia_Duotone_by-ChiaraSoccinDSC02760.jpg\",\"contentUrl\":\"https:\/\/saltylake.at\/wien\/wordpress\/wp-content\/uploads\/2022\/04\/Website-ZoeSchoenwetter-MarDeArce_SkyFree26_Unit26_Sardinia_Duotone_by-ChiaraSoccinDSC02760.jpg\",\"width\":1970,\"height\":1242},{\"@type\":\"BreadcrumbList\",\"@id\":\"https:\/\/saltylake.at\/wien\/product\/wingsurfen-privattraining\/#breadcrumb\",\"itemListElement\":[{\"@type\":\"ListItem\",\"position\":1,\"name\":\"Startseite\",\"item\":\"https:\/\/saltylake.at\/wien\/\"},{\"@type\":\"ListItem\",\"position\":2,\"name\":\"Kurse und Verleih\",\"item\":\"https:\/\/saltylake.at\/wien\/shop\/\"},{\"@type\":\"ListItem\",\"position\":3,\"name\":\"Privat Coaching\"}]},{\"@type\":\"WebSite\",\"@id\":\"https:\/\/saltylake.at\/wien\/#website\",\"url\":\"https:\/\/saltylake.at\/wien\/\",\"name\":\"Wassersportcenter - Salty Lake in Wien\",\"description\":\"WIR BIETEN DIR WASSERSPORT UND SURF LIFESTYLE IN WIEN\",\"potentialAction\":[{\"@type\":\"SearchAction\",\"target\":{\"@type\":\"EntryPoint\",\"urlTemplate\":\"https:\/\/saltylake.at\/wien\/?s={search_term_string}\"},\"query-input\":{\"@type\":\"PropertyValueSpecification\",\"valueRequired\":true,\"valueName\":\"search_term_string\"}}],\"inLanguage\":\"de\"}]}<\/script>\n<!-- \/ Yoast SEO plugin. -->","yoast_head_json":{"title":"WINGSURFEN MIT TRAINER","description":"F\u00fcr noch schnelleren Lernerfolg \u2013 ganz gleich, ob du einen privaten Wingkurs buchst oder als Anf\u00e4nger bzw. Fortgeschrittener ein bestimmtes Man\u00f6ver perfektionieren m\u00f6chtest. Wir passen uns ganz deinen W\u00fcnschen und deinem aktuellen Level an, um dir den bestm\u00f6glichen Fortschritt zu erm\u00f6glichen.","robots":{"index":"index","follow":"follow","max-snippet":"max-snippet:-1","max-image-preview":"max-image-preview:large","max-video-preview":"max-video-preview:-1"},"canonical":"https:\/\/saltylake.at\/wien\/product\/wingsurfen-privattraining\/","og_locale":"de_DE","og_type":"article","og_title":"WINGSURFEN MIT TRAINER","og_description":"F\u00fcr noch schnelleren Lernerfolg \u2013 ganz gleich, ob du einen privaten Wingkurs buchst oder als Anf\u00e4nger bzw. Fortgeschrittener ein bestimmtes Man\u00f6ver perfektionieren m\u00f6chtest. Wir passen uns ganz deinen W\u00fcnschen und deinem aktuellen Level an, um dir den bestm\u00f6glichen Fortschritt zu erm\u00f6glichen.","og_url":"https:\/\/saltylake.at\/wien\/product\/wingsurfen-privattraining\/","og_site_name":"Wassersportcenter - Salty Lake in Wien","article_modified_time":"2026-04-16T06:47:13+00:00","og_image":[{"width":1970,"height":1242,"url":"https:\/\/saltylake.at\/wien\/wordpress\/wp-content\/uploads\/2022\/04\/Website-ZoeSchoenwetter-MarDeArce_SkyFree26_Unit26_Sardinia_Duotone_by-ChiaraSoccinDSC02760.jpg","type":"image\/jpeg"}],"twitter_card":"summary_large_image","twitter_misc":{"Gesch\u00e4tzte Lesezeit":"1\u00a0Minute"},"schema":{"@context":"https:\/\/schema.org","@graph":[{"@type":"WebPage","@id":"https:\/\/saltylake.at\/wien\/product\/wingsurfen-privattraining\/","url":"https:\/\/saltylake.at\/wien\/product\/wingsurfen-privattraining\/","name":"WINGSURFEN MIT TRAINER","isPartOf":{"@id":"https:\/\/saltylake.at\/wien\/#website"},"primaryImageOfPage":{"@id":"https:\/\/saltylake.at\/wien\/product\/wingsurfen-privattraining\/#primaryimage"},"image":{"@id":"https:\/\/saltylake.at\/wien\/product\/wingsurfen-privattraining\/#primaryimage"},"thumbnailUrl":"https:\/\/saltylake.at\/wien\/wordpress\/wp-content\/uploads\/2022\/04\/Website-ZoeSchoenwetter-MarDeArce_SkyFree26_Unit26_Sardinia_Duotone_by-ChiaraSoccinDSC02760.jpg","datePublished":"2022-04-05T17:01:44+00:00","dateModified":"2026-04-16T06:47:13+00:00","description":"F\u00fcr noch schnelleren Lernerfolg \u2013 ganz gleich, ob du einen privaten Wingkurs buchst oder als Anf\u00e4nger bzw. Fortgeschrittener ein bestimmtes Man\u00f6ver perfektionieren m\u00f6chtest. Wir passen uns ganz deinen W\u00fcnschen und deinem aktuellen Level an, um dir den bestm\u00f6glichen Fortschritt zu erm\u00f6glichen.","breadcrumb":{"@id":"https:\/\/saltylake.at\/wien\/product\/wingsurfen-privattraining\/#breadcrumb"},"inLanguage":"de","potentialAction":[{"@type":"ReadAction","target":["https:\/\/saltylake.at\/wien\/product\/wingsurfen-privattraining\/"]}]},{"@type":"ImageObject","inLanguage":"de","@id":"https:\/\/saltylake.at\/wien\/product\/wingsurfen-privattraining\/#primaryimage","url":"https:\/\/saltylake.at\/wien\/wordpress\/wp-content\/uploads\/2022\/04\/Website-ZoeSchoenwetter-MarDeArce_SkyFree26_Unit26_Sardinia_Duotone_by-ChiaraSoccinDSC02760.jpg","contentUrl":"https:\/\/saltylake.at\/wien\/wordpress\/wp-content\/uploads\/2022\/04\/Website-ZoeSchoenwetter-MarDeArce_SkyFree26_Unit26_Sardinia_Duotone_by-ChiaraSoccinDSC02760.jpg","width":1970,"height":1242},{"@type":"BreadcrumbList","@id":"https:\/\/saltylake.at\/wien\/product\/wingsurfen-privattraining\/#breadcrumb","itemListElement":[{"@type":"ListItem","position":1,"name":"Startseite","item":"https:\/\/saltylake.at\/wien\/"},{"@type":"ListItem","position":2,"name":"Kurse und Verleih","item":"https:\/\/saltylake.at\/wien\/shop\/"},{"@type":"ListItem","position":3,"name":"Privat Coaching"}]},{"@type":"WebSite","@id":"https:\/\/saltylake.at\/wien\/#website","url":"https:\/\/saltylake.at\/wien\/","name":"Wassersportcenter - Salty Lake in Wien","description":"WIR BIETEN DIR WASSERSPORT UND SURF LIFESTYLE IN WIEN","potentialAction":[{"@type":"SearchAction","target":{"@type":"EntryPoint","urlTemplate":"https:\/\/saltylake.at\/wien\/?s={search_term_string}"},"query-input":{"@type":"PropertyValueSpecification","valueRequired":true,"valueName":"search_term_string"}}],"inLanguage":"de"}]}},"_links":{"self":[{"href":"https:\/\/saltylake.at\/wien\/wp-json\/wp\/v2\/product\/3342","targetHints":{"allow":["GET"]}}],"collection":[{"href":"https:\/\/saltylake.at\/wien\/wp-json\/wp\/v2\/product"}],"about":[{"href":"https:\/\/saltylake.at\/wien\/wp-json\/wp\/v2\/types\/product"}],"wp:featuredmedia":[{"embeddable":true,"href":"https:\/\/saltylake.at\/wien\/wp-json\/wp\/v2\/media\/4894"}],"wp:attachment":[{"href":"https:\/\/saltylake.at\/wien\/wp-json\/wp\/v2\/media?parent=3342"}],"wp:term":[{"taxonomy":"product_cat","embeddable":true,"href":"https:\/\/saltylake.at\/wien\/wp-json\/wp\/v2\/product_cat?post=3342"},{"taxonomy":"product_tag","embeddable":true,"href":"https:\/\/saltylake.at\/wien\/wp-json\/wp\/v2\/product_tag?post=3342"}],"curies":[{"name":"wp","href":"https:\/\/api.w.org\/{rel}","templated":true}]}}