{"id":3355,"date":"2022-04-05T19:35:41","date_gmt":"2022-04-05T17:35:41","guid":{"rendered":"http:\/\/wing-foil.at\/wordpress\/?post_type=product&#038;p=3355"},"modified":"2026-04-16T08:34:58","modified_gmt":"2026-04-16T06:34:58","slug":"verleih-wingboard-foil-wingsurf","status":"publish","type":"product","link":"https:\/\/saltylake.at\/wien\/product\/verleih-wingboard-foil-wingsurf\/","title":{"rendered":"3 STUNDEN VERLEIH WING + FOIL + BOARD"},"content":{"rendered":"<p data-start=\"74\" data-end=\"143\">Gemeinsam suchen wir das ideale Wing Equipment f\u00fcr dich aus. Dabei ber\u00fccksichtigen wir deine Erfahrung, Vorlieben und das aktuelle Wetter, damit du bestens ausger\u00fcstet auf dem Wasser unterwegs bist.<\/p>\n<ul>\n<li data-start=\"74\" data-end=\"143\"><strong>Wings in deiner passenden Gr\u00f6\u00dfe\u00a0<\/strong><\/li>\n<li data-start=\"74\" data-end=\"143\"><strong data-start=\"719\" data-end=\"770\">Board mit Foil je nach Level<\/strong><\/li>\n<li data-start=\"74\" data-end=\"143\"><strong data-start=\"719\" data-end=\"770\">Individuelle Beratung f\u00fcr deinen optimalen Start<\/strong><\/li>\n<li><strong>Voraussetzungen:<\/strong>\u00a0Grundkenntnisse im Wingsurfen<\/li>\n<\/ul>\n<hr \/>\n<p data-start=\"972\" data-end=\"984\"><strong data-start=\"1081\" data-end=\"1099\">Wind &amp; Wetter:<\/strong>\u00a0Der Verleihtermin richtet sich nach den aktuellen Wind- und Wetterbedingungen. Deshalb kann es zu kurzfristigen Verschiebungen kommen, um dir das bestm\u00f6gliche Erlebnis zu bieten.<\/p>\n<p data-start=\"1081\" data-end=\"1278\"><strong data-start=\"1284\" data-end=\"1302\">Infrastruktur:<\/strong>\u00a0Nutze die praktischen Annehmlichkeiten vor Ort, wie Umkleidekabinen, Dusch- und WC-Anlagen oder der legend\u00e4re Vienna City Beach Club, um\u00a0nach deiner Session zu entspannen und dich zu erfrischen.<\/p>\n","protected":false},"excerpt":{"rendered":"<h5>ALLES WAS DU BRAUCHST zum Foilen &#8211; Board, Foil, Wing (3 Stunden)<\/h5>\n<div>\ud83c\udfc4\ud83c\udffc Erste Erfahrungen mit dem Wing &amp; Foilboard am Wasser sammeln<\/div>\n<div><span class=\"x1c3i2sq x19la9d6 x1fc57z9 xexx8yu x19um543 x18d9i69 x1m6msm x6ikm8r x10wlt62 x19co3pv x1g5zs5t xfibh0p xiy17q3 x1xsqp64\"><span class=\"\">\ud83d\udcaa\ud83c\udffb F\u00fcr <\/span><\/span>Anf\u00e4nger, Fortgeschrittene und Profis<\/div>\n<div>\n<div>\u2705 inkl. Equipment (Wing &amp; Board mit Foil und Helm)<\/div>\n<\/div>\n","protected":false},"featured_media":4893,"template":"","meta":{"inline_featured_image":false},"product_cat":[29],"product_tag":[],"class_list":["post-3355","product","type-product","status-publish","has-post-thumbnail","hentry","product_cat-wingsurf"],"yoast_head":"<!-- This site is optimized with the Yoast SEO plugin v24.6 - https:\/\/yoast.com\/wordpress\/plugins\/seo\/ -->\n<title>WING UND FOIL VERLEIH ( 3 STUNDEN)<\/title>\n<meta name=\"description\" content=\"Gemeinsam suchen wir das ideale Wing Equipment f\u00fcr dich aus. Dabei ber\u00fccksichtigen wir deine Erfahrung, Vorlieben und das aktuelle Wetter, damit du bestens ausger\u00fcstet auf dem Wasser unterwegs bist.\" \/>\n<meta name=\"robots\" content=\"index, follow, max-snippet:-1, max-image-preview:large, max-video-preview:-1\" \/>\n<link rel=\"canonical\" href=\"https:\/\/saltylake.at\/wien\/product\/verleih-wingboard-foil-wingsurf\/\" \/>\n<meta property=\"og:locale\" content=\"de_DE\" \/>\n<meta property=\"og:type\" content=\"article\" \/>\n<meta property=\"og:title\" content=\"WING UND FOIL VERLEIH ( 3 STUNDEN)\" \/>\n<meta property=\"og:description\" content=\"Gemeinsam suchen wir das ideale Wing Equipment f\u00fcr dich aus. Dabei ber\u00fccksichtigen wir deine Erfahrung, Vorlieben und das aktuelle Wetter, damit du bestens ausger\u00fcstet auf dem Wasser unterwegs bist.\" \/>\n<meta property=\"og:url\" content=\"https:\/\/saltylake.at\/wien\/product\/verleih-wingboard-foil-wingsurf\/\" \/>\n<meta property=\"og:site_name\" content=\"Wassersportcenter - Salty Lake in Wien\" \/>\n<meta property=\"article:modified_time\" content=\"2026-04-16T06:34:58+00:00\" \/>\n<meta property=\"og:image\" content=\"https:\/\/saltylake.at\/wien\/wordpress\/wp-content\/uploads\/2022\/04\/Website-MariaBehrens_SkyStart26_Unit26_Guadeloupe_Duotone_by-TobyBromwich-8626-e1776321248722.jpg\" \/>\n\t<meta property=\"og:image:width\" content=\"1215\" \/>\n\t<meta property=\"og:image:height\" content=\"900\" \/>\n\t<meta property=\"og:image:type\" content=\"image\/jpeg\" \/>\n<meta name=\"twitter:card\" content=\"summary_large_image\" \/>\n<meta name=\"twitter:label1\" content=\"Gesch\u00e4tzte Lesezeit\" \/>\n\t<meta name=\"twitter:data1\" content=\"1\u00a0Minute\" \/>\n<script type=\"application\/ld+json\" class=\"yoast-schema-graph\">{\"@context\":\"https:\/\/schema.org\",\"@graph\":[{\"@type\":\"WebPage\",\"@id\":\"https:\/\/saltylake.at\/wien\/product\/verleih-wingboard-foil-wingsurf\/\",\"url\":\"https:\/\/saltylake.at\/wien\/product\/verleih-wingboard-foil-wingsurf\/\",\"name\":\"WING UND FOIL VERLEIH ( 3 STUNDEN)\",\"isPartOf\":{\"@id\":\"https:\/\/saltylake.at\/wien\/#website\"},\"primaryImageOfPage\":{\"@id\":\"https:\/\/saltylake.at\/wien\/product\/verleih-wingboard-foil-wingsurf\/#primaryimage\"},\"image\":{\"@id\":\"https:\/\/saltylake.at\/wien\/product\/verleih-wingboard-foil-wingsurf\/#primaryimage\"},\"thumbnailUrl\":\"https:\/\/saltylake.at\/wien\/wordpress\/wp-content\/uploads\/2022\/04\/Website-MariaBehrens_SkyStart26_Unit26_Guadeloupe_Duotone_by-TobyBromwich-8626-e1776321248722.jpg\",\"datePublished\":\"2022-04-05T17:35:41+00:00\",\"dateModified\":\"2026-04-16T06:34:58+00:00\",\"description\":\"Gemeinsam suchen wir das ideale Wing Equipment f\u00fcr dich aus. Dabei ber\u00fccksichtigen wir deine Erfahrung, Vorlieben und das aktuelle Wetter, damit du bestens ausger\u00fcstet auf dem Wasser unterwegs bist.\",\"breadcrumb\":{\"@id\":\"https:\/\/saltylake.at\/wien\/product\/verleih-wingboard-foil-wingsurf\/#breadcrumb\"},\"inLanguage\":\"de\",\"potentialAction\":[{\"@type\":\"ReadAction\",\"target\":[\"https:\/\/saltylake.at\/wien\/product\/verleih-wingboard-foil-wingsurf\/\"]}]},{\"@type\":\"ImageObject\",\"inLanguage\":\"de\",\"@id\":\"https:\/\/saltylake.at\/wien\/product\/verleih-wingboard-foil-wingsurf\/#primaryimage\",\"url\":\"https:\/\/saltylake.at\/wien\/wordpress\/wp-content\/uploads\/2022\/04\/Website-MariaBehrens_SkyStart26_Unit26_Guadeloupe_Duotone_by-TobyBromwich-8626-e1776321248722.jpg\",\"contentUrl\":\"https:\/\/saltylake.at\/wien\/wordpress\/wp-content\/uploads\/2022\/04\/Website-MariaBehrens_SkyStart26_Unit26_Guadeloupe_Duotone_by-TobyBromwich-8626-e1776321248722.jpg\",\"width\":1215,\"height\":900},{\"@type\":\"BreadcrumbList\",\"@id\":\"https:\/\/saltylake.at\/wien\/product\/verleih-wingboard-foil-wingsurf\/#breadcrumb\",\"itemListElement\":[{\"@type\":\"ListItem\",\"position\":1,\"name\":\"Startseite\",\"item\":\"https:\/\/saltylake.at\/wien\/\"},{\"@type\":\"ListItem\",\"position\":2,\"name\":\"Kurse und Verleih\",\"item\":\"https:\/\/saltylake.at\/wien\/shop\/\"},{\"@type\":\"ListItem\",\"position\":3,\"name\":\"3 STUNDEN VERLEIH WING + FOIL + BOARD\"}]},{\"@type\":\"WebSite\",\"@id\":\"https:\/\/saltylake.at\/wien\/#website\",\"url\":\"https:\/\/saltylake.at\/wien\/\",\"name\":\"Wassersportcenter - Salty Lake in Wien\",\"description\":\"WIR BIETEN DIR WASSERSPORT UND SURF LIFESTYLE IN WIEN\",\"potentialAction\":[{\"@type\":\"SearchAction\",\"target\":{\"@type\":\"EntryPoint\",\"urlTemplate\":\"https:\/\/saltylake.at\/wien\/?s={search_term_string}\"},\"query-input\":{\"@type\":\"PropertyValueSpecification\",\"valueRequired\":true,\"valueName\":\"search_term_string\"}}],\"inLanguage\":\"de\"}]}<\/script>\n<!-- \/ Yoast SEO plugin. -->","yoast_head_json":{"title":"WING UND FOIL VERLEIH ( 3 STUNDEN)","description":"Gemeinsam suchen wir das ideale Wing Equipment f\u00fcr dich aus. Dabei ber\u00fccksichtigen wir deine Erfahrung, Vorlieben und das aktuelle Wetter, damit du bestens ausger\u00fcstet auf dem Wasser unterwegs bist.","robots":{"index":"index","follow":"follow","max-snippet":"max-snippet:-1","max-image-preview":"max-image-preview:large","max-video-preview":"max-video-preview:-1"},"canonical":"https:\/\/saltylake.at\/wien\/product\/verleih-wingboard-foil-wingsurf\/","og_locale":"de_DE","og_type":"article","og_title":"WING UND FOIL VERLEIH ( 3 STUNDEN)","og_description":"Gemeinsam suchen wir das ideale Wing Equipment f\u00fcr dich aus. Dabei ber\u00fccksichtigen wir deine Erfahrung, Vorlieben und das aktuelle Wetter, damit du bestens ausger\u00fcstet auf dem Wasser unterwegs bist.","og_url":"https:\/\/saltylake.at\/wien\/product\/verleih-wingboard-foil-wingsurf\/","og_site_name":"Wassersportcenter - Salty Lake in Wien","article_modified_time":"2026-04-16T06:34:58+00:00","og_image":[{"width":1215,"height":900,"url":"https:\/\/saltylake.at\/wien\/wordpress\/wp-content\/uploads\/2022\/04\/Website-MariaBehrens_SkyStart26_Unit26_Guadeloupe_Duotone_by-TobyBromwich-8626-e1776321248722.jpg","type":"image\/jpeg"}],"twitter_card":"summary_large_image","twitter_misc":{"Gesch\u00e4tzte Lesezeit":"1\u00a0Minute"},"schema":{"@context":"https:\/\/schema.org","@graph":[{"@type":"WebPage","@id":"https:\/\/saltylake.at\/wien\/product\/verleih-wingboard-foil-wingsurf\/","url":"https:\/\/saltylake.at\/wien\/product\/verleih-wingboard-foil-wingsurf\/","name":"WING UND FOIL VERLEIH ( 3 STUNDEN)","isPartOf":{"@id":"https:\/\/saltylake.at\/wien\/#website"},"primaryImageOfPage":{"@id":"https:\/\/saltylake.at\/wien\/product\/verleih-wingboard-foil-wingsurf\/#primaryimage"},"image":{"@id":"https:\/\/saltylake.at\/wien\/product\/verleih-wingboard-foil-wingsurf\/#primaryimage"},"thumbnailUrl":"https:\/\/saltylake.at\/wien\/wordpress\/wp-content\/uploads\/2022\/04\/Website-MariaBehrens_SkyStart26_Unit26_Guadeloupe_Duotone_by-TobyBromwich-8626-e1776321248722.jpg","datePublished":"2022-04-05T17:35:41+00:00","dateModified":"2026-04-16T06:34:58+00:00","description":"Gemeinsam suchen wir das ideale Wing Equipment f\u00fcr dich aus. Dabei ber\u00fccksichtigen wir deine Erfahrung, Vorlieben und das aktuelle Wetter, damit du bestens ausger\u00fcstet auf dem Wasser unterwegs bist.","breadcrumb":{"@id":"https:\/\/saltylake.at\/wien\/product\/verleih-wingboard-foil-wingsurf\/#breadcrumb"},"inLanguage":"de","potentialAction":[{"@type":"ReadAction","target":["https:\/\/saltylake.at\/wien\/product\/verleih-wingboard-foil-wingsurf\/"]}]},{"@type":"ImageObject","inLanguage":"de","@id":"https:\/\/saltylake.at\/wien\/product\/verleih-wingboard-foil-wingsurf\/#primaryimage","url":"https:\/\/saltylake.at\/wien\/wordpress\/wp-content\/uploads\/2022\/04\/Website-MariaBehrens_SkyStart26_Unit26_Guadeloupe_Duotone_by-TobyBromwich-8626-e1776321248722.jpg","contentUrl":"https:\/\/saltylake.at\/wien\/wordpress\/wp-content\/uploads\/2022\/04\/Website-MariaBehrens_SkyStart26_Unit26_Guadeloupe_Duotone_by-TobyBromwich-8626-e1776321248722.jpg","width":1215,"height":900},{"@type":"BreadcrumbList","@id":"https:\/\/saltylake.at\/wien\/product\/verleih-wingboard-foil-wingsurf\/#breadcrumb","itemListElement":[{"@type":"ListItem","position":1,"name":"Startseite","item":"https:\/\/saltylake.at\/wien\/"},{"@type":"ListItem","position":2,"name":"Kurse und Verleih","item":"https:\/\/saltylake.at\/wien\/shop\/"},{"@type":"ListItem","position":3,"name":"3 STUNDEN VERLEIH WING + FOIL + BOARD"}]},{"@type":"WebSite","@id":"https:\/\/saltylake.at\/wien\/#website","url":"https:\/\/saltylake.at\/wien\/","name":"Wassersportcenter - Salty Lake in Wien","description":"WIR BIETEN DIR WASSERSPORT UND SURF LIFESTYLE IN WIEN","potentialAction":[{"@type":"SearchAction","target":{"@type":"EntryPoint","urlTemplate":"https:\/\/saltylake.at\/wien\/?s={search_term_string}"},"query-input":{"@type":"PropertyValueSpecification","valueRequired":true,"valueName":"search_term_string"}}],"inLanguage":"de"}]}},"_links":{"self":[{"href":"https:\/\/saltylake.at\/wien\/wp-json\/wp\/v2\/product\/3355","targetHints":{"allow":["GET"]}}],"collection":[{"href":"https:\/\/saltylake.at\/wien\/wp-json\/wp\/v2\/product"}],"about":[{"href":"https:\/\/saltylake.at\/wien\/wp-json\/wp\/v2\/types\/product"}],"wp:featuredmedia":[{"embeddable":true,"href":"https:\/\/saltylake.at\/wien\/wp-json\/wp\/v2\/media\/4893"}],"wp:attachment":[{"href":"https:\/\/saltylake.at\/wien\/wp-json\/wp\/v2\/media?parent=3355"}],"wp:term":[{"taxonomy":"product_cat","embeddable":true,"href":"https:\/\/saltylake.at\/wien\/wp-json\/wp\/v2\/product_cat?post=3355"},{"taxonomy":"product_tag","embeddable":true,"href":"https:\/\/saltylake.at\/wien\/wp-json\/wp\/v2\/product_tag?post=3355"}],"curies":[{"name":"wp","href":"https:\/\/api.w.org\/{rel}","templated":true}]}}