{"id":3360,"date":"2022-04-05T19:39:05","date_gmt":"2022-04-05T17:39:05","guid":{"rendered":"http:\/\/wing-foil.at\/wordpress\/?post_type=product&#038;p=3360"},"modified":"2026-04-16T09:28:50","modified_gmt":"2026-04-16T07:28:50","slug":"verleih-wing","status":"publish","type":"product","link":"https:\/\/saltylake.at\/wien\/product\/verleih-wing\/","title":{"rendered":"VERLEIH &#8211; WING ONLY"},"content":{"rendered":"<p>Du m\u00f6chtest weiter \u00fcben oder hast nicht den richtigen Wing dabei? Wir unterst\u00fctzen dich gerne bei der Auswahl des passenden Materials und finden f\u00fcr dich die richtigen Gr\u00f6\u00dfe des Wings.<\/p>\n<ul>\n<li data-start=\"74\" data-end=\"143\"><strong>Wing in der passenden Gr\u00f6\u00dfe\u00a0<\/strong><\/li>\n<li data-start=\"74\" data-end=\"143\"><strong data-start=\"719\" data-end=\"770\">Individuelle Beratung f\u00fcr deinen optimalen Start<\/strong><\/li>\n<li><strong>Voraussetzungen:<\/strong> Grundkenntnisse im Wingsurfen<\/li>\n<\/ul>\n<hr \/>\n<p data-start=\"972\" data-end=\"984\"><strong data-start=\"1081\" data-end=\"1099\">Wind &amp; Wetter:<\/strong><span class=\"Apple-converted-space\">\u00a0<\/span>Der Termin f\u00fcr den Kurs richtet sich nach den aktuellen Wind- und Wetterbedingungen. Deshalb kann es zu kurzfristigen Verschiebungen kommen, um dir das bestm\u00f6gliche Erlebnis zu bieten.<\/p>\n<p data-start=\"1081\" data-end=\"1278\"><strong data-start=\"1284\" data-end=\"1302\">Infrastruktur:<span class=\"Apple-converted-space\">\u00a0<\/span><\/strong>Nutze die praktischen Annehmlichkeiten vor unsere Schule vor Ort, wie Umkleidekabinen, Dusch- und WC-Anlagen. Danach kannst du im legend\u00e4ren<span class=\"Apple-converted-space\">\u00a0<\/span><a href=\"http:\/\/www.vcbc.at\/\" target=\"_blank\" rel=\"noopener\">Vienna City Beach Club<\/a>chillen, dich erfrischen und die Wellen DEINES Lebens genie\u00dfen.<\/p>\n","protected":false},"excerpt":{"rendered":"<h5>Wing only (pro Stunde)<\/h5>\n<div>\n<div>\n<div>\n<div><span class=\"x1c3i2sq x19la9d6 x1fc57z9 xexx8yu x19um543 x18d9i69 x1m6msm x6ikm8r x10wlt62 x19co3pv x1g5zs5t xfibh0p xiy17q3 x1xsqp64\"><span class=\"\">\ud83d\udcaa\ud83c\udffb\u00a0<\/span><\/span>Wings in allen Gr\u00f6\u00dfen<\/div>\n<\/div>\n<p><span class=\"x1c3i2sq x19la9d6 x1fc57z9 xexx8yu x19um543 x18d9i69 x1m6msm x6ikm8r x10wlt62 x19co3pv x1g5zs5t xfibh0p xiy17q3 x1xsqp64\">\u2b50<\/span> Verleih f\u00fcr Anf\u00e4nger &amp; Fortgeschrittene<\/p>\n<\/div>\n<div>\n<div>\n<div>\u2705 inkl. Equipment (Wing &amp; Helm)<\/div>\n<\/div>\n<\/div>\n<\/div>\n","protected":false},"featured_media":4877,"template":"","meta":{"inline_featured_image":false},"product_cat":[29],"product_tag":[],"class_list":["post-3360","product","type-product","status-publish","has-post-thumbnail","hentry","product_cat-wingsurf"],"yoast_head":"<!-- This site is optimized with the Yoast SEO plugin v24.6 - https:\/\/yoast.com\/wordpress\/plugins\/seo\/ -->\n<title>WINGVERLEIH - SALYT LAKE<\/title>\n<meta name=\"description\" content=\"Du m\u00f6chtest weiter \u00fcben oder hast nicht den richtigen Wing dabei? Wir unterst\u00fctzen dich gerne bei der Auswahl des passenden Materials und finden f\u00fcr dich die richtigen Gr\u00f6\u00dfe des Wings - Individuelle Beratung f\u00fcr deinen optimalen Start ins Wingsurfen\" \/>\n<meta name=\"robots\" content=\"index, follow, max-snippet:-1, max-image-preview:large, max-video-preview:-1\" \/>\n<link rel=\"canonical\" href=\"https:\/\/saltylake.at\/wien\/product\/verleih-wing\/\" \/>\n<meta property=\"og:locale\" content=\"de_DE\" \/>\n<meta property=\"og:type\" content=\"article\" \/>\n<meta property=\"og:title\" content=\"WINGVERLEIH - SALYT LAKE\" \/>\n<meta property=\"og:description\" content=\"Du m\u00f6chtest weiter \u00fcben oder hast nicht den richtigen Wing dabei? Wir unterst\u00fctzen dich gerne bei der Auswahl des passenden Materials und finden f\u00fcr dich die richtigen Gr\u00f6\u00dfe des Wings - Individuelle Beratung f\u00fcr deinen optimalen Start ins Wingsurfen\" \/>\n<meta property=\"og:url\" content=\"https:\/\/saltylake.at\/wien\/product\/verleih-wing\/\" \/>\n<meta property=\"og:site_name\" content=\"Wassersportcenter - Salty Lake in Wien\" \/>\n<meta property=\"article:modified_time\" content=\"2026-04-16T07:28:50+00:00\" \/>\n<meta property=\"og:image\" content=\"https:\/\/saltylake.at\/wien\/wordpress\/wp-content\/uploads\/2022\/04\/Instagram-JeffreySpencer_UnitDLAB25_LS_Duotone_Maui_by-JohnCarter_DY6_D1_2542.jpg\" \/>\n\t<meta property=\"og:image:width\" content=\"1080\" \/>\n\t<meta property=\"og:image:height\" content=\"1080\" \/>\n\t<meta property=\"og:image:type\" content=\"image\/jpeg\" \/>\n<meta name=\"twitter:card\" content=\"summary_large_image\" \/>\n<meta name=\"twitter:label1\" content=\"Gesch\u00e4tzte Lesezeit\" \/>\n\t<meta name=\"twitter:data1\" content=\"1\u00a0Minute\" \/>\n<script type=\"application\/ld+json\" class=\"yoast-schema-graph\">{\"@context\":\"https:\/\/schema.org\",\"@graph\":[{\"@type\":\"WebPage\",\"@id\":\"https:\/\/saltylake.at\/wien\/product\/verleih-wing\/\",\"url\":\"https:\/\/saltylake.at\/wien\/product\/verleih-wing\/\",\"name\":\"WINGVERLEIH - SALYT LAKE\",\"isPartOf\":{\"@id\":\"https:\/\/saltylake.at\/wien\/#website\"},\"primaryImageOfPage\":{\"@id\":\"https:\/\/saltylake.at\/wien\/product\/verleih-wing\/#primaryimage\"},\"image\":{\"@id\":\"https:\/\/saltylake.at\/wien\/product\/verleih-wing\/#primaryimage\"},\"thumbnailUrl\":\"https:\/\/saltylake.at\/wien\/wordpress\/wp-content\/uploads\/2022\/04\/Instagram-JeffreySpencer_UnitDLAB25_LS_Duotone_Maui_by-JohnCarter_DY6_D1_2542.jpg\",\"datePublished\":\"2022-04-05T17:39:05+00:00\",\"dateModified\":\"2026-04-16T07:28:50+00:00\",\"description\":\"Du m\u00f6chtest weiter \u00fcben oder hast nicht den richtigen Wing dabei? Wir unterst\u00fctzen dich gerne bei der Auswahl des passenden Materials und finden f\u00fcr dich die richtigen Gr\u00f6\u00dfe des Wings - Individuelle Beratung f\u00fcr deinen optimalen Start ins Wingsurfen\",\"breadcrumb\":{\"@id\":\"https:\/\/saltylake.at\/wien\/product\/verleih-wing\/#breadcrumb\"},\"inLanguage\":\"de\",\"potentialAction\":[{\"@type\":\"ReadAction\",\"target\":[\"https:\/\/saltylake.at\/wien\/product\/verleih-wing\/\"]}]},{\"@type\":\"ImageObject\",\"inLanguage\":\"de\",\"@id\":\"https:\/\/saltylake.at\/wien\/product\/verleih-wing\/#primaryimage\",\"url\":\"https:\/\/saltylake.at\/wien\/wordpress\/wp-content\/uploads\/2022\/04\/Instagram-JeffreySpencer_UnitDLAB25_LS_Duotone_Maui_by-JohnCarter_DY6_D1_2542.jpg\",\"contentUrl\":\"https:\/\/saltylake.at\/wien\/wordpress\/wp-content\/uploads\/2022\/04\/Instagram-JeffreySpencer_UnitDLAB25_LS_Duotone_Maui_by-JohnCarter_DY6_D1_2542.jpg\",\"width\":1080,\"height\":1080},{\"@type\":\"BreadcrumbList\",\"@id\":\"https:\/\/saltylake.at\/wien\/product\/verleih-wing\/#breadcrumb\",\"itemListElement\":[{\"@type\":\"ListItem\",\"position\":1,\"name\":\"Startseite\",\"item\":\"https:\/\/saltylake.at\/wien\/\"},{\"@type\":\"ListItem\",\"position\":2,\"name\":\"Kurse und Verleih\",\"item\":\"https:\/\/saltylake.at\/wien\/shop\/\"},{\"@type\":\"ListItem\",\"position\":3,\"name\":\"VERLEIH &#8211; WING ONLY\"}]},{\"@type\":\"WebSite\",\"@id\":\"https:\/\/saltylake.at\/wien\/#website\",\"url\":\"https:\/\/saltylake.at\/wien\/\",\"name\":\"Wassersportcenter - Salty Lake in Wien\",\"description\":\"WIR BIETEN DIR WASSERSPORT UND SURF LIFESTYLE IN WIEN\",\"potentialAction\":[{\"@type\":\"SearchAction\",\"target\":{\"@type\":\"EntryPoint\",\"urlTemplate\":\"https:\/\/saltylake.at\/wien\/?s={search_term_string}\"},\"query-input\":{\"@type\":\"PropertyValueSpecification\",\"valueRequired\":true,\"valueName\":\"search_term_string\"}}],\"inLanguage\":\"de\"}]}<\/script>\n<!-- \/ Yoast SEO plugin. -->","yoast_head_json":{"title":"WINGVERLEIH - SALYT LAKE","description":"Du m\u00f6chtest weiter \u00fcben oder hast nicht den richtigen Wing dabei? Wir unterst\u00fctzen dich gerne bei der Auswahl des passenden Materials und finden f\u00fcr dich die richtigen Gr\u00f6\u00dfe des Wings - Individuelle Beratung f\u00fcr deinen optimalen Start ins Wingsurfen","robots":{"index":"index","follow":"follow","max-snippet":"max-snippet:-1","max-image-preview":"max-image-preview:large","max-video-preview":"max-video-preview:-1"},"canonical":"https:\/\/saltylake.at\/wien\/product\/verleih-wing\/","og_locale":"de_DE","og_type":"article","og_title":"WINGVERLEIH - SALYT LAKE","og_description":"Du m\u00f6chtest weiter \u00fcben oder hast nicht den richtigen Wing dabei? Wir unterst\u00fctzen dich gerne bei der Auswahl des passenden Materials und finden f\u00fcr dich die richtigen Gr\u00f6\u00dfe des Wings - Individuelle Beratung f\u00fcr deinen optimalen Start ins Wingsurfen","og_url":"https:\/\/saltylake.at\/wien\/product\/verleih-wing\/","og_site_name":"Wassersportcenter - Salty Lake in Wien","article_modified_time":"2026-04-16T07:28:50+00:00","og_image":[{"width":1080,"height":1080,"url":"https:\/\/saltylake.at\/wien\/wordpress\/wp-content\/uploads\/2022\/04\/Instagram-JeffreySpencer_UnitDLAB25_LS_Duotone_Maui_by-JohnCarter_DY6_D1_2542.jpg","type":"image\/jpeg"}],"twitter_card":"summary_large_image","twitter_misc":{"Gesch\u00e4tzte Lesezeit":"1\u00a0Minute"},"schema":{"@context":"https:\/\/schema.org","@graph":[{"@type":"WebPage","@id":"https:\/\/saltylake.at\/wien\/product\/verleih-wing\/","url":"https:\/\/saltylake.at\/wien\/product\/verleih-wing\/","name":"WINGVERLEIH - SALYT LAKE","isPartOf":{"@id":"https:\/\/saltylake.at\/wien\/#website"},"primaryImageOfPage":{"@id":"https:\/\/saltylake.at\/wien\/product\/verleih-wing\/#primaryimage"},"image":{"@id":"https:\/\/saltylake.at\/wien\/product\/verleih-wing\/#primaryimage"},"thumbnailUrl":"https:\/\/saltylake.at\/wien\/wordpress\/wp-content\/uploads\/2022\/04\/Instagram-JeffreySpencer_UnitDLAB25_LS_Duotone_Maui_by-JohnCarter_DY6_D1_2542.jpg","datePublished":"2022-04-05T17:39:05+00:00","dateModified":"2026-04-16T07:28:50+00:00","description":"Du m\u00f6chtest weiter \u00fcben oder hast nicht den richtigen Wing dabei? Wir unterst\u00fctzen dich gerne bei der Auswahl des passenden Materials und finden f\u00fcr dich die richtigen Gr\u00f6\u00dfe des Wings - Individuelle Beratung f\u00fcr deinen optimalen Start ins Wingsurfen","breadcrumb":{"@id":"https:\/\/saltylake.at\/wien\/product\/verleih-wing\/#breadcrumb"},"inLanguage":"de","potentialAction":[{"@type":"ReadAction","target":["https:\/\/saltylake.at\/wien\/product\/verleih-wing\/"]}]},{"@type":"ImageObject","inLanguage":"de","@id":"https:\/\/saltylake.at\/wien\/product\/verleih-wing\/#primaryimage","url":"https:\/\/saltylake.at\/wien\/wordpress\/wp-content\/uploads\/2022\/04\/Instagram-JeffreySpencer_UnitDLAB25_LS_Duotone_Maui_by-JohnCarter_DY6_D1_2542.jpg","contentUrl":"https:\/\/saltylake.at\/wien\/wordpress\/wp-content\/uploads\/2022\/04\/Instagram-JeffreySpencer_UnitDLAB25_LS_Duotone_Maui_by-JohnCarter_DY6_D1_2542.jpg","width":1080,"height":1080},{"@type":"BreadcrumbList","@id":"https:\/\/saltylake.at\/wien\/product\/verleih-wing\/#breadcrumb","itemListElement":[{"@type":"ListItem","position":1,"name":"Startseite","item":"https:\/\/saltylake.at\/wien\/"},{"@type":"ListItem","position":2,"name":"Kurse und Verleih","item":"https:\/\/saltylake.at\/wien\/shop\/"},{"@type":"ListItem","position":3,"name":"VERLEIH &#8211; WING ONLY"}]},{"@type":"WebSite","@id":"https:\/\/saltylake.at\/wien\/#website","url":"https:\/\/saltylake.at\/wien\/","name":"Wassersportcenter - Salty Lake in Wien","description":"WIR BIETEN DIR WASSERSPORT UND SURF LIFESTYLE IN WIEN","potentialAction":[{"@type":"SearchAction","target":{"@type":"EntryPoint","urlTemplate":"https:\/\/saltylake.at\/wien\/?s={search_term_string}"},"query-input":{"@type":"PropertyValueSpecification","valueRequired":true,"valueName":"search_term_string"}}],"inLanguage":"de"}]}},"_links":{"self":[{"href":"https:\/\/saltylake.at\/wien\/wp-json\/wp\/v2\/product\/3360","targetHints":{"allow":["GET"]}}],"collection":[{"href":"https:\/\/saltylake.at\/wien\/wp-json\/wp\/v2\/product"}],"about":[{"href":"https:\/\/saltylake.at\/wien\/wp-json\/wp\/v2\/types\/product"}],"wp:featuredmedia":[{"embeddable":true,"href":"https:\/\/saltylake.at\/wien\/wp-json\/wp\/v2\/media\/4877"}],"wp:attachment":[{"href":"https:\/\/saltylake.at\/wien\/wp-json\/wp\/v2\/media?parent=3360"}],"wp:term":[{"taxonomy":"product_cat","embeddable":true,"href":"https:\/\/saltylake.at\/wien\/wp-json\/wp\/v2\/product_cat?post=3360"},{"taxonomy":"product_tag","embeddable":true,"href":"https:\/\/saltylake.at\/wien\/wp-json\/wp\/v2\/product_tag?post=3360"}],"curies":[{"name":"wp","href":"https:\/\/api.w.org\/{rel}","templated":true}]}}